of 18 and s.
9
Let c be -1 + 4/(-1) + 6. Suppose -c = -y + 10. Calculate the greatest common divisor of y and 44.
11
Let r(y) = -y**3 + 29*y**2 - 29*y + 32. Let c be r(28). Let a be (-3 - (-14)/6)/(c/(-126)). Calculate the greatest common divisor of 189 and a.
21
Let s(m) = 2*m - 49. Let z be s(26). Suppose 0 = -2*y + 4, -o = -z*y - 2*y - 3. Calculate the highest common divisor of o and 13.
13
Suppose 4*g - 2*m - 168 = -0*m, 0 = -g - 5*m + 42. Suppose g = 2*u + 16. What is the greatest common factor of 26 and u?
13
Let w(p) = -p**2 + 7*p - 4. Let b be w(6). Suppose 157 = b*s - 63. What is the highest common factor of s and 22?
22
Let j(p) = 121*p**3 + 4*p**2 - 2*p + 1. Let y be j(1). Calculate the highest common divisor of y and 8.
4
Let g(u) = -u**3 - 3*u**2 + 6*u - 4. Let d be g(-5). Suppose d + 16 = 2*w. Let x = w - 14. What is the greatest common divisor of 18 and x?
2
Let x be (1 + 1 - 0) + 3. Suppose x*k = -5 + 60. Calculate the highest common divisor of 99 and k.
11
Let v(i) = 5*i**2 + 12*i + 9*i**2 - 34*i**2 - 5 + i**3 + 8*i**2. Let j be v(11). Calculate the highest common divisor of j and 30.
6
Let m = -2029 - -2862. Calculate the greatest common factor of m and 49.
49
Let c be -4 - (4 + (0 - 3)). Let n = c - -10. Suppose 2*m - 7 - n = 0. Calculate the highest common factor of 6 and m.
6
Let m(p) = p**2 - 16*p + 17. Let l be m(15). Suppose 3*f = l*f + 11. What is the highest common divisor of 55 and f?
11
Let n be 789/12 - (-7)/(56/(-6)). Suppose j + 7 = 3*o, -j - 4*o + 23 = 2. What is the greatest common factor of n and j?
5
Suppose 5*p - 3*p = 5*v - 3770, 5*p = v - 754. Calculate the highest common divisor of v and 65.
13
Let x be 22/(-33)*(-1 + -5). Calculate the highest common divisor of x and 4.
4
Let j = -125 + 243. Suppose 0 = 2*m - j - 146. Suppose 34 = 2*i + 10. What is the greatest common factor of i and m?
12
Let a(t) = -5*t + 83. Let n be a(15). Let l(o) = 2*o - 4. Let h be l(6). Calculate the highest common factor of h and n.
8
Let j(t) = t**2 - 10*t + 9. Let x be j(9). Let i be 7 + -2 + x + -2. Suppose -i*h - 5*s - 2 = 0, h = -4*h - 5*s. Calculate the highest common factor of 8 and h.
1
Let y = 40 - -6. Let f be (-2 + 1)*(9 - y) + 2. Calculate the greatest common divisor of 13 and f.
13
Suppose 3*y + 2*q = 11, -17*q - 16 = -4*y - 21*q. Let d = 1 + 1. Let c = 7 + d. What is the highest common divisor of y and c?
3
Suppose -4*b - 4*u = -7*u - 1812, 2292 = 5*b + 3*u. What is the greatest common divisor of b and 57?
57
Let p(a) = 2*a**2 - 9*a - 13. Let t be p(9). Calculate the highest common factor of t and 85.
17
Suppose -56 = -15*i + 184. Calculate the greatest common divisor of i and 10.
2
Let q be 3*(26/6 + -2). Suppose 27 = k - q. What is the highest common factor of k and 136?
34
Suppose 15 + 20 = -5*g. Let p = g + 11. Suppose -3*n - 4*f + 55 = 0, -p*n = f - 20 - 62. What is the highest common divisor of n and 14?
7
Suppose -7*r + 245 = -91. Calculate the highest common divisor of r and 72.
24
Suppose 2*b - 5*y - 17 = 0, -3*y + 0*y = -2*b + 19. Let z = -85 - -231. Let l = z + -102. Calculate the greatest common divisor of b and l.
11
Suppose f + 396 = 4*f - x, -2*f + x = -263. What is the highest common factor of f and 14?
7
Suppose -157 = 7*n - 45. Let f be (-4 + 6)*n/4*-2. Calculate the greatest common factor of 32 and f.
16
Let p(a) = -a - 13. Let w be p(-20). Calculate the greatest common factor of w and 203.
7
Let w = 95 - 85. Calculate the greatest common divisor of 110 and w.
10
Suppose -778 = -21*n + 230. What is the highest common factor of 144 and n?
48
Suppose -198*u - 1587 = -201*u. Calculate the highest common factor of u and 69.
23
Let y = 266 - 249. Calculate the greatest common divisor of y and 289.
17
Let d(r) = 34*r + 14. Let b be (16/(-10))/((-1)/(-10)*-4). Let n be d(b). What is the highest common divisor of n and 30?
30
Suppose -44*l + 512 = -40*l. Suppose 4*b - 58 = -b - 3*m, 5*b = -4*m + 59. Let y = b - -5. What is the highest common divisor of y and l?
16
Let g(n) = -140*n - 12. Let x be g(-7). Let u be (-2 - -2)/(-1 - -3). Suppose u = 8*f - 4*f - x. Calculate the highest common factor of f and 22.
22
Suppose -3*n + 4*n = 4. Suppose -2*p = -n*p + 6. Calculate the highest common factor of 12 and p.
3
Suppose 6*g = 11 + 1. Suppose -2*a + 4*a = -2, g*a - 295 = -y. What is the highest common factor of 27 and y?
27
Let w(o) = -o**3 + 26*o**2 + 60*o - 54. Let c be w(28). What is the highest common divisor of 1798 and c?
58
Let t = 296 - 275. What is the greatest common divisor of 63 and t?
21
Let v(z) = z + 0*z**2 + 6*z - z + z**2 - 1. Let i be v(-7). Suppose -t + i*t = 140. What is the greatest common divisor of 28 and t?
28
Let z = -13 + 9. Let m(h) = -h**3 + h**2 + 11*h + 24. Let j be m(z). Calculate the highest common factor of j and 48.
12
Let c = -3 - -5. Let a(t) = 7*t + 6*t + 11*t - 20*t. Let h be a(c). Calculate the highest common divisor of h and 24.
8
Suppose 48*h = 3848 + 3880. Suppose 0 = 5*x - 50 - 65. Calculate the highest common factor of h and x.
23
Let b be 3/6 - ((-900)/8)/5. Calculate the highest common factor of b and 207.
23
Let m = -835 + 1102. Calculate the highest common factor of 178 and m.
89
Let o(v) = v**2 - 4*v + 3. Let t be o(9). Suppose 2*f + t - 18 = 3*r, -2*r - 5*f + 1 = 0. What is the greatest common divisor of r and 64?
8
Let u(t) = 17*t + 2. Let a be u(2). Let i be (-24)/(-3)*(-114)/24. Let y be i/(-4) + (-1)/2*1. What is the greatest common factor of y and a?
9
Let d(h) = 4*h - 19. Let y be d(8). Let m(n) = -n**2 + 16*n - 16. Let o be m(y). Calculate the highest common divisor of 92 and o.
23
Suppose -2*z = 5*v + 5 - 18, -2*z - 4*v = -12. Suppose 0 = 3*o - z*o + 1, 2*h - o = 119. Calculate the greatest common factor of 72 and h.
12
Let c(y) = -2*y**2 - 26*y - 4. Let d be c(-12). Suppose -3*b - 44 = -3*i - 2*b, 2*i - 3*b - d = 0. What is the highest common factor of 40 and i?
8
Let a = -2038 + 2054. Suppose 5*p - 314 = 5*h - 2*h, 0 = -4*p + h + 254. Calculate the greatest common divisor of p and a.
16
Let p = -124 - -234. What is the greatest common divisor of p and 66?
22
Suppose 4*y = -3 - 29. Let p(b) = -9*b - 41. Let w be p(y). What is the highest common factor of 93 and w?
31
Let d(o) = -o**2 - 13*o + 8. Let k be d(-7). What is the greatest common divisor of k and 1600?
50
Let s = -4158 - -4392. Let v(o) = o**3 + o**2 - 4*o + 2. Let t be v(3). What is the greatest common factor of s and t?
26
Suppose 0 = 4381*j - 4384*j + 1017. What is the greatest common factor of j and 3?
3
Let h(k) = -5*k**2 - 5*k. Let d(p) = 10*p**2 + 10*p - 1. Let o(u) = -2*d(u) - 5*h(u). Let f be o(-2). What is the greatest common factor of f and 264?
12
Suppose -3*b = 2*o + 749, -4*b = -2*o - 433 - 295. Let y = -229 - o. What is the highest common factor of 47 and y?
47
Let d be (-707)/(-42) + (-2)/(-12). Suppose d*o = 8*o + 144. Calculate the highest common divisor of 176 and o.
16
Suppose -6 = 2*m - 3*m. Suppose 0 = m*s - s + 490. Let b = 191 + s. What is the greatest common factor of 62 and b?
31
Suppose -2*t - 2*t = 8, 5*t = -4*w + 62. Let r be 42/147 - 2012/(-14). What is the highest common divisor of r and w?
18
Suppose -2*v + i + 25 = 0, 6*v - 8*v = -3*i - 23. Let x(f) = 5*f + 16. Let r be x(v). What is the highest common factor of 9 and r?
9
Suppose 0*o + c + 84 = 5*o, 0 = 5*o - 2*c - 83. Let r be -2*(4 + 55/(-10)) + 13. Let z = o - r. Calculate the greatest common factor of 1 and z.
1
Let u(j) = j + 3. Let i be u(5). Suppose -3*l + i*l = 100. Let g = 14 + -10. What is the greatest common divisor of l and g?
4
Suppose 11*v - 18*v = -42. Suppose -3*d + 20 = -52. What is the highest common divisor of d and v?
6
Suppose -3*w + 81 - 27 = 0. What is the greatest common factor of w and 2?
2
Suppose -2*j = 3*g - 49, j = 1 + 1. Suppose -4*h + 2*h = -z, h = 2*z - g. What is the highest common factor of 2 and z?
2
Let g be (-1)/2 + 350/4. Let a = -69 + g. Suppose -h + 3 + 3 = 0. Calculate the highest common factor of a and h.
6
Let p be (-2)/(-3) + 66/9. Suppose 0 = -p*f + 5*f + 42. Let r = 268 + -240. What is the greatest common factor of r and f?
14
Let k = -16 - -108. Suppose -3*s + k = -0*s + 4*g, -s + 48 = -3*g. Calculate the greatest common factor of 324 and s.
36
Let s be 5551